{"id":540,"date":"2022-08-22T14:14:23","date_gmt":"2022-08-22T14:14:23","guid":{"rendered":"https:\/\/raumfunktion.ch\/?page_id=540"},"modified":"2025-02-17T15:53:24","modified_gmt":"2025-02-17T14:53:24","slug":"aktuelle-mietobjekte","status":"publish","type":"page","link":"https:\/\/raumfunktion.ch\/index.php\/aktuelle-mietobjekte\/","title":{"rendered":"Mietobjekte"},"content":{"rendered":"<div class=\"wpb-content-wrapper\"><p>[vc_row][vc_column][vc_column_text css=&#187;&#187;]<\/p>\n<h2>Vermietung Business- oder B\u00fcror\u00e4ume<\/h2>\n<h4>Studio, Praxis, Atelier, Loftb\u00fcro, oder andere gewerbliche Nutzung<\/h4>\n<p>[\/vc_column_text][vc_empty_space height=&#187;8px&#187;][vc_empty_space height=&#187;25px&#187;][\/vc_column][\/vc_row][vc_row][vc_column width=&#187;1\/2&#8243;][vc_column_text css=&#187;&#187;]<\/p>\n<ul>\n<li>Fl\u00e4che: ca 67 m<sup>2<\/sup><\/li>\n<li>Raumh\u00f6he: 2,40 m<\/li>\n<li>Verf\u00fcgbar nach Vereinbarung<\/li>\n<li>Bei Bedarf ist ein mieterspezifischer Ausbau m\u00f6glich<\/li>\n<\/ul>\n<p>[\/vc_column_text][vc_btn title=&#187;Mietdossier&#187; style=&#187;classic&#187; css=&#187;&#187; link=&#187;url:https%3A%2F%2Fraumfunktion.ch%2Fwp-content%2Fuploads%2F2025%2F02%2FRF_Dossier_Vermietung_Buero_OG_2025_67m2.pdf|target:_blank&#187;][\/vc_column][vc_column width=&#187;1\/2&#8243;][\/vc_column][\/vc_row][vc_row][vc_column][vc_empty_space height=&#187;25px&#187;][vc_column_text]<\/p>\n<p class=\"cs2654AE3A\"><span class=\"csCE7B0CED\">Bei Fragen oder f\u00fcr die Vereinbarung eines Besichtigungstermines bitten wir um Ihre Kontaktaufnahme.<\/span><\/p>\n<p>[\/vc_column_text][\/vc_column][\/vc_row]<\/p>\n<\/div>","protected":false},"excerpt":{"rendered":"<p>[vc_row][vc_column][vc_column_text css=&#187;&#187;] Vermietung Business- oder B\u00fcror\u00e4ume Studio, Praxis, Atelier, Loftb\u00fcro, oder andere gewerbliche Nutzung [\/vc_column_text][vc_empty_space height=&#187;8px&#187;][vc_empty_space height=&#187;25px&#187;][\/vc_column][\/vc_row][vc_row][vc_column width=&#187;1\/2&#8243;][vc_column_text css=&#187;&#187;] Fl\u00e4che: ca 67 m2 Raumh\u00f6he: 2,40 m Verf\u00fcgbar nach Vereinbarung Bei Bedarf ist ein mieterspezifischer Ausbau m\u00f6glich [\/vc_column_text][vc_btn title=&#187;Mietdossier&#187; style=&#187;classic&#187; css=&#187;&#187; link=&#187;url:https%3A%2F%2Fraumfunktion.ch%2Fwp-content%2Fuploads%2F2025%2F02%2FRF_Dossier_Vermietung_Buero_OG_2025_67m2.pdf|target:_blank&#187;][\/vc_column][vc_column width=&#187;1\/2&#8243;][\/vc_column][\/vc_row][vc_row][vc_column][vc_empty_space height=&#187;25px&#187;][vc_column_text] Bei Fragen oder f\u00fcr die Vereinbarung eines Besichtigungstermines bitten wir um Ihre [&hellip;]<\/p>\n","protected":false},"author":2,"featured_media":0,"parent":0,"menu_order":0,"comment_status":"closed","ping_status":"closed","template":"","meta":{"footnotes":""},"class_list":["post-540","page","type-page","status-publish","hentry"],"_links":{"self":[{"href":"https:\/\/raumfunktion.ch\/index.php\/wp-json\/wp\/v2\/pages\/540","targetHints":{"allow":["GET"]}}],"collection":[{"href":"https:\/\/raumfunktion.ch\/index.php\/wp-json\/wp\/v2\/pages"}],"about":[{"href":"https:\/\/raumfunktion.ch\/index.php\/wp-json\/wp\/v2\/types\/page"}],"author":[{"embeddable":true,"href":"https:\/\/raumfunktion.ch\/index.php\/wp-json\/wp\/v2\/users\/2"}],"replies":[{"embeddable":true,"href":"https:\/\/raumfunktion.ch\/index.php\/wp-json\/wp\/v2\/comments?post=540"}],"version-history":[{"count":30,"href":"https:\/\/raumfunktion.ch\/index.php\/wp-json\/wp\/v2\/pages\/540\/revisions"}],"predecessor-version":[{"id":670,"href":"https:\/\/raumfunktion.ch\/index.php\/wp-json\/wp\/v2\/pages\/540\/revisions\/670"}],"wp:attachment":[{"href":"https:\/\/raumfunktion.ch\/index.php\/wp-json\/wp\/v2\/media?parent=540"}],"curies":[{"name":"wp","href":"https:\/\/api.w.org\/{rel}","templated":true}]}}